Let n be (-3)/(2/(-2 - 0)). Suppose x = n*x - 66. What is the greatest common divisor of x and m?
11
Suppose -2*z + 10 = s - 15, -2*z + 22 = 2*s. What is the highest common factor of 154 and z?
14
Suppose -5*k - 14 = -o - 5, 2*o - 51 = -k. Let a = 263 + -257. Calculate the highest common divisor of o and a.
6
Let s be (0 + -1)*(-1 + -2). Suppose -41 = -s*g + 4*x, -2*g + 4*x = -x - 39. Let t be 76 - (-1 + 1 + -1). Calculate the highest common factor of t and g.
7
Suppose q - 3*q + 8 = 0. Let u be 0 + -1 + 1 + 44. What is the greatest common factor of q and u?
4
Let m be 2/(-3)*45/(-10). Suppose 0 = m*f - 3*n - 303, 5*f + 2*n = -3*n + 495. What is the highest common divisor of f and 25?
25
Suppose 98 = 5*s - 22. Suppose -s = -g - 3*g. Let h be (-501)/(-12) + 2/8. What is the highest common factor of h and g?
6
Suppose 0 = -2*m - 4*r - 41 - 29, -2*r = -4*m - 140. Let g be 3*1/(-5)*m. Calculate the greatest common factor of 14 and g.
7
Let l = -5 + 15. Let n(j) = -10*j + 2. Let g be n(2). Let o = 7 - g. What is the greatest common divisor of o and l?
5
Let r be 4/(-10) - 6*(-16)/15. What is the highest common factor of 66 and r?
6
Let j be -1 + -3 - 8/4. Let i = j - -10. Suppose 0*v - 36 = -i*v. Calculate the greatest common divisor of v and 72.
9
Let j be 8/1 - 2/1. Suppose 5 = 2*y + 3*y + 5*f, -3*f - 9 = 0. What is the highest common factor of j and y?
2
Let u = -35 + 56. Let y be 9*1 - (-1 - -3). Calculate the greatest common factor of u and y.
7
Let p be (-3 - -4)/(1/59). Let x = 5 + p. Suppose x = h + h. Calculate the highest common factor of 4 and h.
4
Let l = 86 - -61. Suppose -m = 2*m - l. Let t = 5 - -2. What is the greatest common factor of m and t?
7
Let n be 0 + (-12)/9*-3. Let q = 154 - 90. Suppose 0*s - q = -n*s. What is the greatest common divisor of s and 24?
8
Let a be (-1204)/(-6) + (-4)/6. Suppose -4*w - w = -a. Suppose -40 = -4*j + 5*y, -w = -2*j - 2*j - 5*y. What is the highest common factor of j and 80?
10
Let x(w) = 4*w - 21. Let l be x(21). What is the greatest common factor of 105 and l?
21
Suppose 2*x - 47 - 17 = 0. Let u be (-3)/9*-12*1. Calculate the highest common factor of x and u.
4
Suppose -28*l = -24*l - 20. Suppose 12 - 42 = -2*v. What is the highest common factor of v and l?
5
Suppose -2*w + 2*a = -220, 2*w + 5*a - 220 = a. Calculate the greatest common divisor of w and 10.
10
Suppose 2*v + 0 = 10, 2*o = v - 49. Let x = -9 - o. What is the greatest common factor of x and 65?
13
Suppose 4*b - 2 = 2*w, 4*b - 5*w = -9 + 2. What is the highest common factor of b and 34?
2
Suppose -4*t - 35 = -3*z, 13 + 37 = 5*z - 5*t. Suppose 3*i - f = 13, z*i - 11 - 12 = 2*f. Let l = -2 + i. Calculate the greatest common divisor of 8 and l.
1
Suppose 3*z = z. Suppose z = n + 3*n - 52. Calculate the highest common divisor of n and 104.
13
Let k(t) = -3 - 4*t**3 + 5*t**3 - 6 + 8*t**2 - 10*t. Let h be k(-9). Suppose 0 = w + 2*a - 92, h = 4*a - 2 - 2. What is the highest common factor of w and 10?
10
Let v be 2*4 - (1 - -1). Let z(k) = -k**3 + 5*k**2 + 7*k - 3. Let g be z(v). Calculate the greatest common divisor of 3 and g.
3
Let c(l) = -l**3 - 7*l**2 + 13. Let t be c(-8). What is the highest common factor of 7 and t?
7
Let s(i) = -i - 2. Let j be s(-3). Let f = -13 - -20. What is the highest common factor of j and f?
1
Let o be 1*(-3)/(-9)*6. Suppose -3*v = -2*s + 95, 3*s + o*v + 0*v - 136 = 0. What is the greatest common factor of s and 115?
23
Suppose 0 = -3*p + 163 + 23. Let c = p + -38. Calculate the highest common divisor of c and 6.
6
Suppose 0*v = 3*v + 27. Let c = 12 - v. What is the greatest common factor of 21 and c?
21
Suppose 5 + 7 = 3*l. Suppose l = 6*b - 2*b. Let g be b/(-2)*52/(-2). Calculate the highest common factor of g and 13.
13
Suppose -4*c = -444 - 380. Suppose n + 3*y - c = 0, 2*n + 131 = 5*y + 565. Let v = 356 - n. What is the highest common factor of v and 16?
16
Let u(r) = -2*r - 4. Let d be u(-3). Suppose d*v + 0*n = 2*n + 24, n = -v + 16. Let w = 3 - 1. Calculate the highest common factor of w and v.
2
Let i(x) be the third derivative of 2/3*x**5 + 0*x**3 - 3*x**2 + 0*x**4 + 0*x + 0. Let h be i(1). Calculate the highest common divisor of 8 and h.
8
Let p = 57 + -46. Calculate the highest common divisor of 22 and p.
11
Suppose 3*o - 14 = -2. Calculate the highest common divisor of 36 and o.
4
Let j = -41 - -90. Calculate the highest common factor of j and 7.
7
Let z = 1 - -3. Let n = 2 + 18. Calculate the greatest common factor of z and n.
4
Suppose -4*z - 112 = -b, 4*z = b - z - 113. Let v(o) = 16*o + 1. Let q be v(2). Let c = -21 + q. What is the highest common divisor of c and b?
12
Let d = 76 - 52. Let m = -15 + 25. Let t = 16 - m. What is the highest common factor of d and t?
6
Let b = -9 + 16. Calculate the greatest common divisor of 49 and b.
7
Let c = 11 - -13. Let b = -15 + c. Suppose -4*k - 9 = -5*k. What is the greatest common factor of b and k?
9
Let s = 8 + -11. Let w = 7 + s. What is the greatest common divisor of w and 44?
4
Suppose 155 + 130 = r. Suppose -3*q + 2*y = -2*y - r, 4*q - 2*y - 380 = 0. What is the greatest common divisor of q and 38?
19
Let j be ((-264)/30)/((-1)/10). Let w(n) = 21*n**3 + n**2. Let t be w(1). What is the greatest common divisor of j and t?
22
Let s = 3 - 0. Suppose -2*h + 1 = -1, 27 = 4*q + s*h. Let t be 13 + 1*(2 - 0). Calculate the highest common divisor of q and t.
3
Suppose 25 = 3*o + 2*o. What is the greatest common divisor of o and 2?
1
Suppose 3*r - j = 14, 0*r + 4*j - 46 = -5*r. Suppose -5*t - 69 = -2*s, -s + r*t = t - 47. Suppose -s = -g - 0. What is the highest common divisor of 33 and g?
11
Suppose 6*j = 3*j - 4*a + 31, 0 = -a + 4. Suppose 5*y = 4*c + c + 295, 0 = j*c + 15. What is the highest common factor of 7 and y?
7
Suppose s - 42 = 5*j + 2*s, -6 = j + s. Let q be ((-24)/j)/((-4)/(-54)). What is the highest common factor of 54 and q?
18
Let l be (70/(-3))/((-4)/18). Calculate the greatest common divisor of l and 15.
15
Let b(w) = w**2 + 10*w + 11. Let v be b(-8). Let x = 3 - v. Suppose 2 + 3 = 5*n. What is the highest common factor of n and x?
1
Let z(r) = -2*r + 2*r - r + 7. Let u be z(7). Suppose 4*j = 4, u*k + 2*k = 4*j + 32. Calculate the greatest common divisor of 54 and k.
18
Suppose -5*u - 5*g = -260, u - 8 - 38 = 5*g. Calculate the highest common factor of 34 and u.
17
Let l = -3 - 1. Let v be 28/21*(-6)/l. Let n be (v - -3) + -2 + 9. Calculate the highest common divisor of 30 and n.
6
Let p(h) be the first derivative of -9*h**4/2 - h**3 - 3*h**2/2 - 2*h - 7. Let c be p(-2). What is the highest common factor of c and 17?
17
Let y(l) be the first derivative of -l**3/3 - 7*l**2/2 + 9*l - 1. Let g be y(-8). Let v be g/((-33)/18 - -2). What is the highest common factor of v and 66?
6
Let p = -4 - -9. Suppose -k - p*r + 3*r = -51, 0 = -k + 4*r + 63. Calculate the highest common divisor of 5 and k.
5
Let m = 1 - 19. Let c be (-52)/(-9) - 4/m. What is the greatest common factor of 48 and c?
6
Let i(o) = 11*o - 3. Let f be i(7). Suppose 5*h - f = 2*q + q, 2*h - 41 = 5*q. What is the greatest common divisor of h and 117?
13
Let b be 6/(-10) - (-2 + (-18)/5). What is the highest common divisor of 20 and b?
5
Let y(x) = x**2 - 12*x + 9. Let q be y(11). Let v(b) = -5*b - 1. Let a be v(q). Let n = 158 - 95. Calculate the greatest common factor of n and a.
9
Suppose 0 = 5*l + 156 + 164. Suppose 2*s = -5*d + 2*d - 3, 2*s = -5*d - 9. Let w be (s/(-2))/(12/l). Calculate the greatest common factor of w and 32.
8
Let s(j) = j**3 + 28*j**2 + 26. Let d be s(-28). What is the highest common factor of d and 39?
13
Suppose 0 = -4*u + u + 318. Suppose -7*f + 20 = -3*f, 4*f = 3*c - u. What is the highest common divisor of 14 and c?
14
Let k be ((-13)/(-2))/(3/6). Let l = k - -20. Suppose -2*f + 4*f - 44 = 0. Calculate the highest common divisor of f and l.
11
Let c(n) = 2*n - 1. Let k be c(2). Suppose 16 = 7*a - k*a. Suppose 4 = 3*v + 4*y, 2*v - 3*y - 15 - 16 = 0. What is the highest common divisor of v and a?
4
Let b(z) = z**2 + 2*z. Let v be b(-2). Let m(y) = y**3 + y**2 + y + 10. Let d be m(v). Calculate the highest common factor of 1 and d.
1
Suppose -2*u = -x - 6 - 9, -4*x = 4*u - 24. Let h = -46 + 95. What is the highest common factor of u and h?
7
Let v 